{"id":436,"date":"2021-05-14T10:42:58","date_gmt":"2021-05-14T13:42:58","guid":{"rendered":"https:\/\/schapter.ufpr.br\/portal\/?page_id=436"},"modified":"2023-02-06T19:49:21","modified_gmt":"2023-02-06T22:49:21","slug":"mulheres-e-meninas-nas-ciencias","status":"publish","type":"page","link":"https:\/\/schapter.ufpr.br\/portal\/mulheres-e-meninas-nas-ciencias\/","title":{"rendered":"Mulheres na \u00d3ptica"},"content":{"rendered":"\n<p>O s\u00edmbolo feminino na ci\u00eancia \u00e9 muito escasso, no Brasil, de acordo com o CNPq, as mulheres constituem 43,7% das pesquisadoras e de acordo com dados da Unesco, as mulheres representam apenas 28% dos pesquisadores do mundo.<\/p>\n\n\n\n<div class=\"wp-block-image\"><figure class=\"aligncenter size-large is-resized\"><img loading=\"lazy\" src=\"https:\/\/schapter.ufpr.br\/portal\/wp-content\/uploads\/2021\/11\/logo-mulheres-na-opticalogo-1024x1024.png\" alt=\"\" class=\"wp-image-1572\" width=\"400\" height=\"400\" srcset=\"https:\/\/schapter.ufpr.br\/portal\/wp-content\/uploads\/2021\/11\/logo-mulheres-na-opticalogo-1024x1024.png 1024w, https:\/\/schapter.ufpr.br\/portal\/wp-content\/uploads\/2021\/11\/logo-mulheres-na-opticalogo-300x300.png 300w, https:\/\/schapter.ufpr.br\/portal\/wp-content\/uploads\/2021\/11\/logo-mulheres-na-opticalogo-150x150.png 150w, https:\/\/schapter.ufpr.br\/portal\/wp-content\/uploads\/2021\/11\/logo-mulheres-na-opticalogo-768x767.png 768w, https:\/\/schapter.ufpr.br\/portal\/wp-content\/uploads\/2021\/11\/logo-mulheres-na-opticalogo-98x98.png 98w, https:\/\/schapter.ufpr.br\/portal\/wp-content\/uploads\/2021\/11\/logo-mulheres-na-opticalogo-57x57.png 57w, https:\/\/schapter.ufpr.br\/portal\/wp-content\/uploads\/2021\/11\/logo-mulheres-na-opticalogo.png 1080w\" sizes=\"(max-width: 400px) 100vw, 400px\" \/><figcaption>Ilustra\u00e7\u00e3o: Maria Jackeline Rodrigues dos Santos. Design: Vanessa Bayerl e Camille Vit\u00f3ria Unger.<\/figcaption><\/figure><\/div>\n\n\n\n<p>Nosso intuito \u00e9 motivar e inspirar as mulheres e meninas que tenham interesse pela ci\u00eancia a seguirem com seus sonhos, mostrando exemplos de grandes mulheres cientistas que tiveram grandes contribui\u00e7\u00f5es para o desenvolvimento da ci\u00eancia e que ocuparam cargos importantes, assim nivelando esses dados entre mulheres e homens cientistas no mundo.<\/p>\n\n\n\n<p><strong>Publica\u00e7\u00f5es:<\/strong><\/p>\n\n\n\n<div class=\"wp-block-image\"><figure class=\"alignleft size-large is-resized\"><a href=\"https:\/\/schapter.ufpr.br\/portal\/2021\/06\/06\/mulheres-e-meninas-na-optica-marie-curie\/\"><img loading=\"lazy\" src=\"https:\/\/schapter.ufpr.br\/portal\/wp-content\/uploads\/2021\/06\/mulheres1-3-1024x1024.png\" alt=\"\" class=\"wp-image-854\" width=\"300\" height=\"300\" srcset=\"https:\/\/schapter.ufpr.br\/portal\/wp-content\/uploads\/2021\/06\/mulheres1-3-1024x1024.png 1024w, https:\/\/schapter.ufpr.br\/portal\/wp-content\/uploads\/2021\/06\/mulheres1-3-300x300.png 300w, https:\/\/schapter.ufpr.br\/portal\/wp-content\/uploads\/2021\/06\/mulheres1-3-150x150.png 150w, https:\/\/schapter.ufpr.br\/portal\/wp-content\/uploads\/2021\/06\/mulheres1-3-768x768.png 768w, https:\/\/schapter.ufpr.br\/portal\/wp-content\/uploads\/2021\/06\/mulheres1-3-98x98.png 98w, https:\/\/schapter.ufpr.br\/portal\/wp-content\/uploads\/2021\/06\/mulheres1-3-57x57.png 57w, https:\/\/schapter.ufpr.br\/portal\/wp-content\/uploads\/2021\/06\/mulheres1-3.png 1080w\" sizes=\"(max-width: 300px) 100vw, 300px\" \/><\/a><\/figure><\/div>\n\n\n\n<p><\/p>\n\n\n\n<p><\/p>\n\n\n\n<p><\/p>\n\n\n\n<p><\/p>\n\n\n\n<div class=\"wp-block-image\"><figure class=\"alignright size-large is-resized\"><a href=\"https:\/\/schapter.ufpr.br\/portal\/2021\/07\/13\/mulheres-na-optica-gisela-eckhardt\/\"><img loading=\"lazy\" src=\"https:\/\/schapter.ufpr.br\/portal\/wp-content\/uploads\/2021\/07\/mulheres1-1024x1024.png\" alt=\"\" class=\"wp-image-1064\" width=\"300\" height=\"300\" srcset=\"https:\/\/schapter.ufpr.br\/portal\/wp-content\/uploads\/2021\/07\/mulheres1-1024x1024.png 1024w, https:\/\/schapter.ufpr.br\/portal\/wp-content\/uploads\/2021\/07\/mulheres1-300x300.png 300w, https:\/\/schapter.ufpr.br\/portal\/wp-content\/uploads\/2021\/07\/mulheres1-150x150.png 150w, https:\/\/schapter.ufpr.br\/portal\/wp-content\/uploads\/2021\/07\/mulheres1-768x768.png 768w, https:\/\/schapter.ufpr.br\/portal\/wp-content\/uploads\/2021\/07\/mulheres1-98x98.png 98w, https:\/\/schapter.ufpr.br\/portal\/wp-content\/uploads\/2021\/07\/mulheres1-57x57.png 57w, https:\/\/schapter.ufpr.br\/portal\/wp-content\/uploads\/2021\/07\/mulheres1.png 1080w\" sizes=\"(max-width: 300px) 100vw, 300px\" \/><\/a><\/figure><\/div>\n\n\n\n<p><\/p>\n\n\n\n<p><\/p>\n\n\n\n<p><\/p>\n\n\n\n<p><\/p>\n\n\n\n<div class=\"wp-block-image\"><figure class=\"alignleft size-large is-resized\"><a href=\"https:\/\/schapter.ufpr.br\/portal\/2021\/08\/31\/mulheres-na-optica-mary-warga-e-a-osa\/\"><img loading=\"lazy\" src=\"https:\/\/schapter.ufpr.br\/portal\/wp-content\/uploads\/2021\/08\/whatsapp-image-2021-08-11-at-10-10-05-pm-1024x1024.jpeg\" alt=\"\" class=\"wp-image-1198\" width=\"300\" height=\"300\" srcset=\"https:\/\/schapter.ufpr.br\/portal\/wp-content\/uploads\/2021\/08\/whatsapp-image-2021-08-11-at-10-10-05-pm-1024x1024.jpeg 1024w, https:\/\/schapter.ufpr.br\/portal\/wp-content\/uploads\/2021\/08\/whatsapp-image-2021-08-11-at-10-10-05-pm-300x300.jpeg 300w, https:\/\/schapter.ufpr.br\/portal\/wp-content\/uploads\/2021\/08\/whatsapp-image-2021-08-11-at-10-10-05-pm-150x150.jpeg 150w, https:\/\/schapter.ufpr.br\/portal\/wp-content\/uploads\/2021\/08\/whatsapp-image-2021-08-11-at-10-10-05-pm-768x768.jpeg 768w, https:\/\/schapter.ufpr.br\/portal\/wp-content\/uploads\/2021\/08\/whatsapp-image-2021-08-11-at-10-10-05-pm-98x98.jpeg 98w, https:\/\/schapter.ufpr.br\/portal\/wp-content\/uploads\/2021\/08\/whatsapp-image-2021-08-11-at-10-10-05-pm-57x57.jpeg 57w, https:\/\/schapter.ufpr.br\/portal\/wp-content\/uploads\/2021\/08\/whatsapp-image-2021-08-11-at-10-10-05-pm.jpeg 1080w\" sizes=\"(max-width: 300px) 100vw, 300px\" \/><\/a><\/figure><\/div>\n\n\n\n<p><\/p>\n\n\n\n<p><\/p>\n\n\n\n<p><\/p>\n\n\n\n<p><\/p>\n\n\n\n<div class=\"wp-block-image\"><figure class=\"alignright size-large is-resized\"><a href=\"https:\/\/schapter.ufpr.br\/portal\/2021\/10\/06\/mulheres-na-optica-maria-goeppert-mayer-e-o-modelo-nuclear-de-camadas\/\"><img loading=\"lazy\" src=\"https:\/\/schapter.ufpr.br\/portal\/wp-content\/uploads\/2021\/09\/mulheres1-1024x1024.png\" alt=\"\" class=\"wp-image-1517\" width=\"300\" height=\"300\" srcset=\"https:\/\/schapter.ufpr.br\/portal\/wp-content\/uploads\/2021\/09\/mulheres1-1024x1024.png 1024w, https:\/\/schapter.ufpr.br\/portal\/wp-content\/uploads\/2021\/09\/mulheres1-300x300.png 300w, https:\/\/schapter.ufpr.br\/portal\/wp-content\/uploads\/2021\/09\/mulheres1-150x150.png 150w, https:\/\/schapter.ufpr.br\/portal\/wp-content\/uploads\/2021\/09\/mulheres1-768x768.png 768w, https:\/\/schapter.ufpr.br\/portal\/wp-content\/uploads\/2021\/09\/mulheres1-98x98.png 98w, https:\/\/schapter.ufpr.br\/portal\/wp-content\/uploads\/2021\/09\/mulheres1-57x57.png 57w, https:\/\/schapter.ufpr.br\/portal\/wp-content\/uploads\/2021\/09\/mulheres1.png 1080w\" sizes=\"(max-width: 300px) 100vw, 300px\" \/><\/a><\/figure><\/div>\n\n\n\n<p><\/p>\n\n\n\n<p><\/p>\n\n\n\n<p><\/p>\n\n\n\n<p><\/p>\n\n\n\n<div class=\"wp-block-image\"><figure class=\"alignleft size-large is-resized\"><a href=\"mulheres-na-optica-katharine-burr-blodgett-e-o-vidro-invisivel\"><img loading=\"lazy\" src=\"https:\/\/schapter.ufpr.br\/portal\/wp-content\/uploads\/2021\/11\/1-1024x1024.png\" alt=\"\" class=\"wp-image-1646\" width=\"300\" height=\"300\" srcset=\"https:\/\/schapter.ufpr.br\/portal\/wp-content\/uploads\/2021\/11\/1-1024x1024.png 1024w, https:\/\/schapter.ufpr.br\/portal\/wp-content\/uploads\/2021\/11\/1-300x300.png 300w, https:\/\/schapter.ufpr.br\/portal\/wp-content\/uploads\/2021\/11\/1-150x150.png 150w, https:\/\/schapter.ufpr.br\/portal\/wp-content\/uploads\/2021\/11\/1-768x768.png 768w, https:\/\/schapter.ufpr.br\/portal\/wp-content\/uploads\/2021\/11\/1-98x98.png 98w, https:\/\/schapter.ufpr.br\/portal\/wp-content\/uploads\/2021\/11\/1-57x57.png 57w, https:\/\/schapter.ufpr.br\/portal\/wp-content\/uploads\/2021\/11\/1.png 1080w\" sizes=\"(max-width: 300px) 100vw, 300px\" \/><\/a><\/figure><\/div>\n\n\n\n<p><\/p>\n\n\n\n<p><\/p>\n\n\n\n<p><\/p>\n\n\n\n<p><\/p>\n\n\n\n<div class=\"wp-block-image\"><figure class=\"alignright size-large is-resized\"><a href=\"https:\/\/schapter.ufpr.br\/portal\/2021\/12\/03\/mulheres-na-optica-donna-strickland-e-o-nobel\/\"><img loading=\"lazy\" src=\"https:\/\/schapter.ufpr.br\/portal\/wp-content\/uploads\/2021\/12\/1-1-1024x1024.png\" alt=\"\" class=\"wp-image-1972\" width=\"300\" height=\"300\" srcset=\"https:\/\/schapter.ufpr.br\/portal\/wp-content\/uploads\/2021\/12\/1-1-1024x1024.png 1024w, https:\/\/schapter.ufpr.br\/portal\/wp-content\/uploads\/2021\/12\/1-1-300x300.png 300w, https:\/\/schapter.ufpr.br\/portal\/wp-content\/uploads\/2021\/12\/1-1-150x150.png 150w, https:\/\/schapter.ufpr.br\/portal\/wp-content\/uploads\/2021\/12\/1-1-768x768.png 768w, https:\/\/schapter.ufpr.br\/portal\/wp-content\/uploads\/2021\/12\/1-1-98x98.png 98w, https:\/\/schapter.ufpr.br\/portal\/wp-content\/uploads\/2021\/12\/1-1-57x57.png 57w, https:\/\/schapter.ufpr.br\/portal\/wp-content\/uploads\/2021\/12\/1-1.png 1080w\" sizes=\"(max-width: 300px) 100vw, 300px\" \/><\/a><\/figure><\/div>\n\n\n\n<p><\/p>\n\n\n\n<p><\/p>\n\n\n\n<p><\/p>\n\n\n\n<p><\/p>\n\n\n\n<div class=\"wp-block-image\"><figure class=\"alignleft size-large is-resized\"><a href=\"https:\/\/schapter.ufpr.br\/portal\/2022\/01\/24\/hilda-conrady-kingslake\/\"><img loading=\"lazy\" src=\"https:\/\/schapter.ufpr.br\/portal\/wp-content\/uploads\/2022\/01\/5-1024x1024.png\" alt=\"\" class=\"wp-image-2087\" width=\"300\" height=\"300\" srcset=\"https:\/\/schapter.ufpr.br\/portal\/wp-content\/uploads\/2022\/01\/5-1024x1024.png 1024w, https:\/\/schapter.ufpr.br\/portal\/wp-content\/uploads\/2022\/01\/5-300x300.png 300w, https:\/\/schapter.ufpr.br\/portal\/wp-content\/uploads\/2022\/01\/5-150x150.png 150w, https:\/\/schapter.ufpr.br\/portal\/wp-content\/uploads\/2022\/01\/5-768x768.png 768w, https:\/\/schapter.ufpr.br\/portal\/wp-content\/uploads\/2022\/01\/5-98x98.png 98w, https:\/\/schapter.ufpr.br\/portal\/wp-content\/uploads\/2022\/01\/5-57x57.png 57w, https:\/\/schapter.ufpr.br\/portal\/wp-content\/uploads\/2022\/01\/5.png 1080w\" sizes=\"(max-width: 300px) 100vw, 300px\" \/><\/a><\/figure><\/div>\n\n\n\n<p><\/p>\n\n\n\n<p><\/p>\n\n\n\n<p><\/p>\n\n\n\n<p><\/p>\n\n\n\n<div class=\"wp-block-image\"><figure class=\"alignright size-large is-resized\"><a href=\"https:\/\/schapter.ufpr.br\/portal\/2022\/12\/10\/mulheres-na-optica-andrea-ghez-e-o-nobel\/\"><img loading=\"lazy\" src=\"https:\/\/schapter.ufpr.br\/portal\/wp-content\/uploads\/2022\/11\/andrea1-1-1024x1024.png\" alt=\"\" class=\"wp-image-2358\" width=\"300\" height=\"300\" srcset=\"https:\/\/schapter.ufpr.br\/portal\/wp-content\/uploads\/2022\/11\/andrea1-1-1024x1024.png 1024w, https:\/\/schapter.ufpr.br\/portal\/wp-content\/uploads\/2022\/11\/andrea1-1-300x300.png 300w, https:\/\/schapter.ufpr.br\/portal\/wp-content\/uploads\/2022\/11\/andrea1-1-150x150.png 150w, https:\/\/schapter.ufpr.br\/portal\/wp-content\/uploads\/2022\/11\/andrea1-1-768x768.png 768w, https:\/\/schapter.ufpr.br\/portal\/wp-content\/uploads\/2022\/11\/andrea1-1-98x98.png 98w, https:\/\/schapter.ufpr.br\/portal\/wp-content\/uploads\/2022\/11\/andrea1-1-57x57.png 57w, https:\/\/schapter.ufpr.br\/portal\/wp-content\/uploads\/2022\/11\/andrea1-1.png 1080w\" sizes=\"(max-width: 300px) 100vw, 300px\" \/><\/a><\/figure><\/div>\n\n\n\n<p><\/p>\n\n\n\n<p><\/p>\n\n\n\n<p><\/p>\n\n\n\n<p><\/p>\n\n\n\n<div class=\"wp-block-image\"><figure class=\"alignleft size-large is-resized\"><a href=\"https:\/\/schapter.ufpr.br\/portal\/2023\/01\/16\/mulheres-na-optica-jocelyn-bell-burnell-e-os-pulsares\/\"><img loading=\"lazy\" src=\"https:\/\/schapter.ufpr.br\/portal\/wp-content\/uploads\/2022\/11\/10-1-1024x1024.png\" alt=\"\" class=\"wp-image-2366\" width=\"300\" height=\"300\" srcset=\"https:\/\/schapter.ufpr.br\/portal\/wp-content\/uploads\/2022\/11\/10-1-1024x1024.png 1024w, https:\/\/schapter.ufpr.br\/portal\/wp-content\/uploads\/2022\/11\/10-1-300x300.png 300w, https:\/\/schapter.ufpr.br\/portal\/wp-content\/uploads\/2022\/11\/10-1-150x150.png 150w, https:\/\/schapter.ufpr.br\/portal\/wp-content\/uploads\/2022\/11\/10-1-768x768.png 768w, https:\/\/schapter.ufpr.br\/portal\/wp-content\/uploads\/2022\/11\/10-1-98x98.png 98w, https:\/\/schapter.ufpr.br\/portal\/wp-content\/uploads\/2022\/11\/10-1-57x57.png 57w, https:\/\/schapter.ufpr.br\/portal\/wp-content\/uploads\/2022\/11\/10-1.png 1080w\" sizes=\"(max-width: 300px) 100vw, 300px\" \/><\/a><\/figure><\/div>\n\n\n\n<div class=\"wp-block-image\"><figure class=\"alignright size-large is-resized\"><a href=\"https:\/\/schapter.ufpr.br\/portal\/2023\/02\/06\/mulheres-na-optica-mildred-spiewak-dresselhaus-e-o-carbono\/\"><img loading=\"lazy\" src=\"https:\/\/schapter.ufpr.br\/portal\/wp-content\/uploads\/2022\/11\/1-1-1024x1024.png\" alt=\"\" class=\"wp-image-2362\" width=\"300\" height=\"300\" srcset=\"https:\/\/schapter.ufpr.br\/portal\/wp-content\/uploads\/2022\/11\/1-1-1024x1024.png 1024w, https:\/\/schapter.ufpr.br\/portal\/wp-content\/uploads\/2022\/11\/1-1-300x300.png 300w, https:\/\/schapter.ufpr.br\/portal\/wp-content\/uploads\/2022\/11\/1-1-150x150.png 150w, https:\/\/schapter.ufpr.br\/portal\/wp-content\/uploads\/2022\/11\/1-1-768x768.png 768w, https:\/\/schapter.ufpr.br\/portal\/wp-content\/uploads\/2022\/11\/1-1-1536x1536.png 1536w, https:\/\/schapter.ufpr.br\/portal\/wp-content\/uploads\/2022\/11\/1-1-2048x2048.png 2048w, https:\/\/schapter.ufpr.br\/portal\/wp-content\/uploads\/2022\/11\/1-1-98x98.png 98w, https:\/\/schapter.ufpr.br\/portal\/wp-content\/uploads\/2022\/11\/1-1-57x57.png 57w\" sizes=\"(max-width: 300px) 100vw, 300px\" \/><\/a><\/figure><\/div>\n","protected":false},"excerpt":{"rendered":"<p>O s\u00edmbolo feminino na ci\u00eancia \u00e9 muito escasso, no Brasil, de acordo com o CNPq, as mulheres constituem 43,7% das pesquisadoras e de acordo com [&hellip;]<\/p>\n","protected":false},"author":3,"featured_media":0,"parent":0,"menu_order":0,"comment_status":"closed","ping_status":"closed","template":"","meta":[],"_links":{"self":[{"href":"https:\/\/schapter.ufpr.br\/portal\/wp-json\/wp\/v2\/pages\/436"}],"collection":[{"href":"https:\/\/schapter.ufpr.br\/portal\/wp-json\/wp\/v2\/pages"}],"about":[{"href":"https:\/\/schapter.ufpr.br\/portal\/wp-json\/wp\/v2\/types\/page"}],"author":[{"embeddable":true,"href":"https:\/\/schapter.ufpr.br\/portal\/wp-json\/wp\/v2\/users\/3"}],"replies":[{"embeddable":true,"href":"https:\/\/schapter.ufpr.br\/portal\/wp-json\/wp\/v2\/comments?post=436"}],"version-history":[{"count":38,"href":"https:\/\/schapter.ufpr.br\/portal\/wp-json\/wp\/v2\/pages\/436\/revisions"}],"predecessor-version":[{"id":2452,"href":"https:\/\/schapter.ufpr.br\/portal\/wp-json\/wp\/v2\/pages\/436\/revisions\/2452"}],"wp:attachment":[{"href":"https:\/\/schapter.ufpr.br\/portal\/wp-json\/wp\/v2\/media?parent=436"}],"curies":[{"name":"wp","href":"https:\/\/api.w.org\/{rel}","templated":true}]}}